{"id":789,"date":"2022-07-28T06:59:52","date_gmt":"2022-07-28T06:59:52","guid":{"rendered":"https:\/\/startersites.io\/elementor\/bizconsult\/?page_id=789"},"modified":"2024-10-22T17:13:56","modified_gmt":"2024-10-22T15:13:56","slug":"statut-fundacji","status":"publish","type":"page","link":"https:\/\/nowoczesnyprzedsiebiorca.pl\/?page_id=789","title":{"rendered":"Statut fundacji"},"content":{"rendered":"\t\t<div data-elementor-type=\"wp-page\" data-elementor-id=\"789\" class=\"elementor elementor-789\">\n\t\t\t\t<div class=\"elementor-element elementor-element-da68876 e-flex e-con-boxed e-con e-parent\" data-id=\"da68876\" data-element_type=\"container\" data-settings=\"{&quot;background_background&quot;:&quot;classic&quot;}\">\n\t\t\t\t\t<div class=\"e-con-inner\">\n\t\t\t\t<div class=\"elementor-element elementor-element-dfa65eb elementor-widget elementor-widget-heading\" data-id=\"dfa65eb\" data-element_type=\"widget\" data-widget_type=\"heading.default\">\n\t\t\t\t<div class=\"elementor-widget-container\">\n\t\t\t<style>\/*! elementor - v3.23.0 - 05-08-2024 *\/\n.elementor-heading-title{padding:0;margin:0;line-height:1}.elementor-widget-heading .elementor-heading-title[class*=elementor-size-]>a{color:inherit;font-size:inherit;line-height:inherit}.elementor-widget-heading .elementor-heading-title.elementor-size-small{font-size:15px}.elementor-widget-heading .elementor-heading-title.elementor-size-medium{font-size:19px}.elementor-widget-heading .elementor-heading-title.elementor-size-large{font-size:29px}.elementor-widget-heading .elementor-heading-title.elementor-size-xl{font-size:39px}.elementor-widget-heading .elementor-heading-title.elementor-size-xxl{font-size:59px}<\/style><h2 class=\"elementor-heading-title elementor-size-default\">Statut Fundacji<\/h2>\t\t<\/div>\n\t\t\t\t<\/div>\n\t\t\t\t\t<\/div>\n\t\t\t\t<\/div>\n\t\t<div class=\"elementor-element elementor-element-ea0eca6 e-flex e-con-boxed e-con e-parent\" data-id=\"ea0eca6\" data-element_type=\"container\">\n\t\t\t\t\t<div class=\"e-con-inner\">\n\t\t<div class=\"elementor-element elementor-element-dc19df9 e-con-full e-flex e-con e-child\" data-id=\"dc19df9\" data-element_type=\"container\">\n\t\t\t\t<div class=\"elementor-element elementor-element-723fbe7 elementor-widget elementor-widget-text-editor\" data-id=\"723fbe7\" data-element_type=\"widget\" data-widget_type=\"text-editor.default\">\n\t\t\t\t<div class=\"elementor-widget-container\">\n\t\t\t<style>\/*! elementor - v3.23.0 - 05-08-2024 *\/\n.elementor-widget-text-editor.elementor-drop-cap-view-stacked .elementor-drop-cap{background-color:#69727d;color:#fff}.elementor-widget-text-editor.elementor-drop-cap-view-framed .elementor-drop-cap{color:#69727d;border:3px solid;background-color:transparent}.elementor-widget-text-editor:not(.elementor-drop-cap-view-default) .elementor-drop-cap{margin-top:8px}.elementor-widget-text-editor:not(.elementor-drop-cap-view-default) .elementor-drop-cap-letter{width:1em;height:1em}.elementor-widget-text-editor .elementor-drop-cap{float:left;text-align:center;line-height:1;font-size:50px}.elementor-widget-text-editor .elementor-drop-cap-letter{display:inline-block}<\/style>\t\t\t\t<p><!-- notionvc: e3d3d0c3-5392-43af-bf5b-37314bbdda02 --><\/p><p>Fundacja Nowoczesny Przedsi\u0119biorca stawia sobie za cel:<\/p><ul><li><span style=\"font-family: inherit; font-size: inherit; font-style: inherit; font-variant-ligatures: inherit; font-variant-caps: inherit; font-weight: inherit; text-align: var(--text-align); background-color: var(--theme-palette-color-8); color: var(--theme-text-color); letter-spacing: var(--theme-letter-spacing); text-transform: var(--theme-text-transform);\">Wspieranie przedsi\u0119biorczo\u015bci i propagowanie nowoczesnego stylu zarz\u0105dzania przedsi\u0119biorstwem w oparciu o poszanowanie \u015brodowiska naturalnego.<\/span><\/li><li>Przygotowywanie poprzez rozw\u00f3j osobisty os\u00f3b przedsi\u0119biorczych do roli przedsi\u0119biorcy na zmiennym rynku mi\u0119dzynarodowym.<\/li><li>Wspieranie dzia\u0142a\u0144 maj\u0105cych na celu popularyzacj\u0119 rozwoju osobistego oraz budowanie spo\u0142eczno\u015bci os\u00f3b przedsi\u0119biorczych.<\/li><li>Stwarzanie warunk\u00f3w dla os\u00f3b uzdolnionych oraz pobudzanie ch\u0119ci do osobistego zaanga\u017cowania oraz rozwijanie takich umiej\u0119tno\u015bci jak przyw\u00f3dztwo, partnerstwo, tolerancja oraz wzajemne wsparcie cz\u0142onk\u00f3w zespo\u0142\u00f3w.<\/li><li>Zwi\u0119kszanie \u015bwiadomo\u015bci spo\u0142ecze\u0144stwa oraz organizacji spo\u0142ecznych czy szk\u00f3\u0142 w zakresie prowadzenia przedsi\u0119biorstwa spo\u0142ecznie odpowiedzialnego i zaanga\u017cowanego.<\/li><li>Motywowanie wyk\u0142adowc\u00f3w uczelni wy\u017cszych i os\u00f3b zwi\u0105zanych ze \u015brodowiskiem studenckim do inicjowania wydarze\u0144 zwi\u0105zanych z propagowaniem przedsi\u0119biorczo\u015bci opartej o warto\u015bci poszanowania \u015brodowiska naturalnego.<\/li><li>Edukowanie przedsi\u0119biorc\u00f3w pod k\u0105tem zagadnie\u0144 prawnych zwi\u0105zanych z funkcjonowaniem przedsi\u0119biorstwa na rynku.<\/li><li>Wykonywanie oraz udost\u0119pnianie wynik\u00f3w test\u00f3w praktycznych nowoczesnych narz\u0119dzi marketingowych oraz narz\u0119dzi organizacji zasob\u00f3w w przedsi\u0119biorstwie.<\/li><li>Przygotowywanie spo\u0142eczno\u015bci przedsi\u0119biorc\u00f3w na wyzwania ery m-commerce i e-commerce.<\/li><li>Dzia\u0142ania na rzecz poszerzania znaczenia wyk\u0142ad\u00f3w przedsi\u0119biorczo\u015bci na uczelniach wy\u017cszych.<\/li><li>Prowadzenie dzia\u0142a\u0144 d\u0105\u017c\u0105cych do zacie\u015bniania wsp\u00f3\u0142pracy pomi\u0119dzy stowarzyszeniami przedsi\u0119biorc\u00f3w.<\/li><li>Dzia\u0142alno\u015b\u0107 charytatywna oraz wszelka dzia\u0142alno\u015b\u0107 spo\u0142ecznie u\u017cyteczna.<\/li><li>Nauka zasad przedsi\u0119biorczo\u015bci w\u015br\u00f3d dzieci i m\u0142odzie\u017cy.<\/li><li>Promowanie zasad wsp\u00f3\u0142pracy przedsi\u0119biorc\u00f3w z r\u00f3\u017cnych \u015brodowisk kulturalnych i etnicznych.<\/li><\/ul>\t\t\t\t\t\t<\/div>\n\t\t\t\t<\/div>\n\t\t\t\t<\/div>\n\t\t\t\t\t<\/div>\n\t\t\t\t<\/div>\n\t\t<div class=\"elementor-element elementor-element-56f5316 e-flex e-con-boxed e-con e-parent\" data-id=\"56f5316\" data-element_type=\"container\" data-settings=\"{&quot;background_background&quot;:&quot;classic&quot;}\">\n\t\t\t\t\t<div class=\"e-con-inner\">\n\t\t<div class=\"elementor-element elementor-element-f6d4788 e-con-full e-flex e-con e-child\" data-id=\"f6d4788\" data-element_type=\"container\">\n\t\t\t\t<div class=\"elementor-element elementor-element-2c191a2 elementor-tablet-align-center elementor-widget elementor-widget-button\" data-id=\"2c191a2\" data-element_type=\"widget\" data-widget_type=\"button.default\">\n\t\t\t\t<div class=\"elementor-widget-container\">\n\t\t\t\t\t<div class=\"elementor-button-wrapper\">\n\t\t\t<a class=\"elementor-button elementor-button-link elementor-size-sm\" href=\"https:\/\/nowoczesnyprzedsiebiorca.pl\/#kontakt\">\n\t\t\t\t\t\t<span class=\"elementor-button-content-wrapper\">\n\t\t\t\t\t\t\t\t\t<span class=\"elementor-button-text\">Skontaktuj si\u0119 z nami<\/span>\n\t\t\t\t\t<\/span>\n\t\t\t\t\t<\/a>\n\t\t<\/div>\n\t\t\t\t<\/div>\n\t\t\t\t<\/div>\n\t\t\t\t<\/div>\n\t\t<div class=\"elementor-element elementor-element-d4f0de3 e-con-full e-flex e-con e-child\" data-id=\"d4f0de3\" data-element_type=\"container\">\n\t\t\t\t<\/div>\n\t\t\t\t\t<\/div>\n\t\t\t\t<\/div>\n\t\t\t\t<\/div>\n\t\t","protected":false},"excerpt":{"rendered":"<p>Statut Fundacji Fundacja Nowoczesny Przedsi\u0119biorca stawia sobie za cel: Wspieranie przedsi\u0119biorczo\u015bci i propagowanie nowoczesnego stylu zarz\u0105dzania przedsi\u0119biorstwem w oparciu o poszanowanie \u015brodowiska naturalnego. Przygotowywanie poprzez rozw\u00f3j osobisty os\u00f3b przedsi\u0119biorczych do roli przedsi\u0119biorcy na zmiennym rynku mi\u0119dzynarodowym. Wspieranie dzia\u0142a\u0144 maj\u0105cych na celu popularyzacj\u0119 rozwoju osobistego oraz budowanie spo\u0142eczno\u015bci os\u00f3b przedsi\u0119biorczych. Stwarzanie warunk\u00f3w dla os\u00f3b uzdolnionych oraz [&hellip;]<\/p>\n","protected":false},"author":1,"featured_media":0,"parent":0,"menu_order":0,"comment_status":"closed","ping_status":"closed","template":"","meta":{"footnotes":""},"class_list":["post-789","page","type-page","status-publish","hentry"],"blocksy_meta":{"page_title_panel":"","has_hero_section":"disabled","4290aeba92b47bfd794992c765fe0409":"","hero_section":"type-1","hero_elements":[{"id":"custom_title","enabled":true,"heading_tag":"h1","title":"Home"},{"id":"custom_description","enabled":true,"description_visibility":{"desktop":true,"tablet":true,"mobile":false}},{"id":"custom_meta","enabled":false,"meta_elements":[{"id":"author","enabled":true,"label":"By","has_author_avatar":"yes","avatar_size":25},{"id":"post_date","enabled":true,"label":"On","date_format_source":"default","date_format":"M j, Y"},{"id":"updated_date","enabled":false,"label":"On","date_format_source":"default","date_format":"M j, Y"},{"id":"categories","enabled":false,"label":"In","style":"simple"},{"id":"comments","enabled":true}],"page_meta_elements":{"joined":true,"articles_count":true,"comments":true}},{"id":"breadcrumbs","enabled":false}],"2ba6c9ce5351ee9fd4a211e6999aaa35":"","hero_alignment1":"CT_CSS_SKIP_RULE","hero_margin":40,"hero_alignment2":"center","hero_vertical_alignment":"center","d81d4f89d9f0ddb24f1fa2928d41d3fa":"","hero_structure":"narrow","04e324fbda08bde2b700d8c2776d1b5e":"","page_title_bg_type":"featured_image","custom_hero_background":{"attachment_id":null},"page_title_image_size":"full","parallax":{"desktop":false,"tablet":false,"mobile":false},"7d534387949b211b61a63c503f895def":"","hero_height":"250px","pageTitleFont":{"family":"Default","variation":"Default","size":"30px","line-height":"CT_CSS_SKIP_RULE","letter-spacing":"CT_CSS_SKIP_RULE","text-transform":"CT_CSS_SKIP_RULE","text-decoration":"CT_CSS_SKIP_RULE"},"pageTitleFontColor":{"default":{"color":"CT_CSS_SKIP_RULEDEFAULT"}},"pageMetaFont":{"family":"Default","variation":"n6","size":"12px","line-height":"1.3","letter-spacing":"CT_CSS_SKIP_RULE","text-transform":"uppercase","text-decoration":"CT_CSS_SKIP_RULE"},"pageMetaFontColor":{"default":{"color":"CT_CSS_SKIP_RULEDEFAULT"},"hover":{"color":"CT_CSS_SKIP_RULEDEFAULT"}},"page_meta_button_type_font_colors":{"default":{"color":"CT_CSS_SKIP_RULEDEFAULT"},"hover":{"color":"CT_CSS_SKIP_RULEDEFAULT"}},"page_meta_button_type_background_colors":{"default":{"color":"CT_CSS_SKIP_RULEDEFAULT"},"hover":{"color":"CT_CSS_SKIP_RULEDEFAULT"}},"pageExcerptFont":{"family":"Default","variation":"Default","size":"CT_CSS_SKIP_RULE","line-height":"CT_CSS_SKIP_RULE","letter-spacing":"CT_CSS_SKIP_RULE","text-transform":"CT_CSS_SKIP_RULE","text-decoration":"CT_CSS_SKIP_RULE"},"pageExcerptColor":{"default":{"color":"CT_CSS_SKIP_RULEDEFAULT"}},"breadcrumbsFont":{"family":"Default","variation":"Default","size":"CT_CSS_SKIP_RULE","line-height":"CT_CSS_SKIP_RULE","letter-spacing":"CT_CSS_SKIP_RULE","text-transform":"CT_CSS_SKIP_RULE","text-decoration":"CT_CSS_SKIP_RULE"},"breadcrumbsFontColor":{"default":{"color":"CT_CSS_SKIP_RULEDEFAULT"},"initial":{"color":"CT_CSS_SKIP_RULEDEFAULT"},"hover":{"color":"CT_CSS_SKIP_RULEDEFAULT"}},"pageTitleOverlay":{"background_type":"color","background_pattern":"type-1","background_image":{"attachment_id":null,"x":0,"y":0},"gradient":"linear-gradient(135deg,rgba(6,147,227,1) 0%,rgb(155,81,224) 100%)","background_repeat":"repeat","background_size":"auto","background_attachment":"scroll","patternColor":{"default":{"color":"#e5e7ea"}},"overlayColor":{"default":{"color":"CT_CSS_SKIP_RULE"}},"backgroundColor":{"default":{"color":"CT_CSS_SKIP_RULE"}}},"pageTitleBackground":{"background_type":"color","background_pattern":"type-1","background_image":{"attachment_id":null,"x":0,"y":0},"gradient":"linear-gradient(135deg,rgba(6,147,227,1) 0%,rgb(155,81,224) 100%)","background_repeat":"repeat","background_size":"auto","background_attachment":"scroll","patternColor":{"default":{"color":"#e5e7ea"}},"overlayColor":{"default":{"color":"CT_CSS_SKIP_RULE"}},"backgroundColor":{"default":{"color":"var(--theme-palette-color-6)"}}},"pageTitlePadding":{"top":"50px","bottom":"50px","left":"auto","right":"auto","linked":true},"0f869f740cb92114c1f68bcc6203ee31":"","page_structure_type":"default","b3543dad6874651dd03f887f12d95a02":"","content_style_source":"inherit","content_style":"wide","vertical_spacing_source":"custom","content_area_spacing":"none","background":{"background_type":"color","background_pattern":"type-1","background_image":{"attachment_id":null,"x":0,"y":0},"gradient":"linear-gradient(135deg,rgba(6,147,227,1) 0%,rgb(155,81,224) 100%)","background_repeat":"repeat","background_size":"auto","background_attachment":"scroll","patternColor":{"default":{"color":"#e5e7ea"}},"overlayColor":{"default":{"color":"CT_CSS_SKIP_RULE"}},"backgroundColor":{"default":{"color":"CT_CSS_SKIP_RULE"}}},"content_background":{"background_type":"color","background_pattern":"type-1","background_image":{"attachment_id":null,"x":0,"y":0},"gradient":"linear-gradient(135deg,rgba(6,147,227,1) 0%,rgb(155,81,224) 100%)","background_repeat":"repeat","background_size":"auto","background_attachment":"scroll","patternColor":{"default":{"color":"#e5e7ea"}},"overlayColor":{"default":{"color":"CT_CSS_SKIP_RULE"}},"backgroundColor":{"default":{"color":"var(--theme-palette-color-8)"}}},"content_boxed_shadow":{"inherit":false,"blur":18,"spread":-6,"v_offset":12,"h_offset":0,"inset":false,"enable":true,"color":{"color":"rgba(34, 56, 101, 0.04)"}},"content_boxed_border":{"width":1,"style":"none","color":{"color":"rgba(44,62,80,0.2)"}},"content_boxed_radius":{"top":"3px","bottom":"3px","left":"3px","right":"3px","linked":true},"boxed_content_spacing":{"desktop":{"top":"40px","bottom":"40px","left":"40px","right":"40px","linked":true},"tablet":{"top":"35px","bottom":"35px","left":"35px","right":"35px","linked":true},"mobile":{"top":"20px","bottom":"20px","left":"20px","right":"20px","linked":true}},"129a57e1e40aa8a9f5798d67495a476d":"","disable_featured_image":"no","disable_share_box":"no","disable_header":"no","disable_footer":"no","styles_descriptor":{"styles":{"desktop":"","tablet":"","mobile":""},"google_fonts":[],"version":6}},"yoast_head":"<!-- This site is optimized with the Yoast SEO plugin v23.3 - https:\/\/yoast.com\/wordpress\/plugins\/seo\/ -->\n<title>Statut fundacji - Nowoczesny Przedsi\u0119biorca<\/title>\n<meta name=\"robots\" content=\"index, follow, max-snippet:-1, max-image-preview:large, max-video-preview:-1\" \/>\n<link rel=\"canonical\" href=\"https:\/\/nowoczesnyprzedsiebiorca.pl\/?page_id=789\" \/>\n<meta property=\"og:locale\" content=\"pl_PL\" \/>\n<meta property=\"og:type\" content=\"article\" \/>\n<meta property=\"og:title\" content=\"Statut fundacji - Nowoczesny Przedsi\u0119biorca\" \/>\n<meta property=\"og:description\" content=\"Statut Fundacji Fundacja Nowoczesny Przedsi\u0119biorca stawia sobie za cel: Wspieranie przedsi\u0119biorczo\u015bci i propagowanie nowoczesnego stylu zarz\u0105dzania przedsi\u0119biorstwem w oparciu o poszanowanie \u015brodowiska naturalnego. Przygotowywanie poprzez rozw\u00f3j osobisty os\u00f3b przedsi\u0119biorczych do roli przedsi\u0119biorcy na zmiennym rynku mi\u0119dzynarodowym. Wspieranie dzia\u0142a\u0144 maj\u0105cych na celu popularyzacj\u0119 rozwoju osobistego oraz budowanie spo\u0142eczno\u015bci os\u00f3b przedsi\u0119biorczych. Stwarzanie warunk\u00f3w dla os\u00f3b uzdolnionych oraz [&hellip;]\" \/>\n<meta property=\"og:url\" content=\"https:\/\/nowoczesnyprzedsiebiorca.pl\/?page_id=789\" \/>\n<meta property=\"og:site_name\" content=\"Nowoczesny Przedsi\u0119biorca\" \/>\n<meta property=\"article:modified_time\" content=\"2024-10-22T15:13:56+00:00\" \/>\n<meta name=\"twitter:card\" content=\"summary_large_image\" \/>\n<meta name=\"twitter:label1\" content=\"Szacowany czas czytania\" \/>\n\t<meta name=\"twitter:data1\" content=\"2 minuty\" \/>\n<script type=\"application\/ld+json\" class=\"yoast-schema-graph\">{\"@context\":\"https:\/\/schema.org\",\"@graph\":[{\"@type\":\"WebPage\",\"@id\":\"https:\/\/nowoczesnyprzedsiebiorca.pl\/?page_id=789\",\"url\":\"https:\/\/nowoczesnyprzedsiebiorca.pl\/?page_id=789\",\"name\":\"Statut fundacji - Nowoczesny Przedsi\u0119biorca\",\"isPartOf\":{\"@id\":\"https:\/\/nowoczesnyprzedsiebiorca.pl\/#website\"},\"datePublished\":\"2022-07-28T06:59:52+00:00\",\"dateModified\":\"2024-10-22T15:13:56+00:00\",\"breadcrumb\":{\"@id\":\"https:\/\/nowoczesnyprzedsiebiorca.pl\/?page_id=789#breadcrumb\"},\"inLanguage\":\"pl-PL\",\"potentialAction\":[{\"@type\":\"ReadAction\",\"target\":[\"https:\/\/nowoczesnyprzedsiebiorca.pl\/?page_id=789\"]}]},{\"@type\":\"BreadcrumbList\",\"@id\":\"https:\/\/nowoczesnyprzedsiebiorca.pl\/?page_id=789#breadcrumb\",\"itemListElement\":[{\"@type\":\"ListItem\",\"position\":1,\"name\":\"Home\",\"item\":\"https:\/\/nowoczesnyprzedsiebiorca.pl\/\"},{\"@type\":\"ListItem\",\"position\":2,\"name\":\"Statut fundacji\"}]},{\"@type\":\"WebSite\",\"@id\":\"https:\/\/nowoczesnyprzedsiebiorca.pl\/#website\",\"url\":\"https:\/\/nowoczesnyprzedsiebiorca.pl\/\",\"name\":\"Nowoczesny Przedsi\u0119biorca\",\"description\":\"\",\"potentialAction\":[{\"@type\":\"SearchAction\",\"target\":{\"@type\":\"EntryPoint\",\"urlTemplate\":\"https:\/\/nowoczesnyprzedsiebiorca.pl\/?s={search_term_string}\"},\"query-input\":\"required name=search_term_string\"}],\"inLanguage\":\"pl-PL\"}]}<\/script>\n<!-- \/ Yoast SEO plugin. -->","yoast_head_json":{"title":"Statut fundacji - Nowoczesny Przedsi\u0119biorca","robots":{"index":"index","follow":"follow","max-snippet":"max-snippet:-1","max-image-preview":"max-image-preview:large","max-video-preview":"max-video-preview:-1"},"canonical":"https:\/\/nowoczesnyprzedsiebiorca.pl\/?page_id=789","og_locale":"pl_PL","og_type":"article","og_title":"Statut fundacji - Nowoczesny Przedsi\u0119biorca","og_description":"Statut Fundacji Fundacja Nowoczesny Przedsi\u0119biorca stawia sobie za cel: Wspieranie przedsi\u0119biorczo\u015bci i propagowanie nowoczesnego stylu zarz\u0105dzania przedsi\u0119biorstwem w oparciu o poszanowanie \u015brodowiska naturalnego. Przygotowywanie poprzez rozw\u00f3j osobisty os\u00f3b przedsi\u0119biorczych do roli przedsi\u0119biorcy na zmiennym rynku mi\u0119dzynarodowym. Wspieranie dzia\u0142a\u0144 maj\u0105cych na celu popularyzacj\u0119 rozwoju osobistego oraz budowanie spo\u0142eczno\u015bci os\u00f3b przedsi\u0119biorczych. Stwarzanie warunk\u00f3w dla os\u00f3b uzdolnionych oraz [&hellip;]","og_url":"https:\/\/nowoczesnyprzedsiebiorca.pl\/?page_id=789","og_site_name":"Nowoczesny Przedsi\u0119biorca","article_modified_time":"2024-10-22T15:13:56+00:00","twitter_card":"summary_large_image","twitter_misc":{"Szacowany czas czytania":"2 minuty"},"schema":{"@context":"https:\/\/schema.org","@graph":[{"@type":"WebPage","@id":"https:\/\/nowoczesnyprzedsiebiorca.pl\/?page_id=789","url":"https:\/\/nowoczesnyprzedsiebiorca.pl\/?page_id=789","name":"Statut fundacji - Nowoczesny Przedsi\u0119biorca","isPartOf":{"@id":"https:\/\/nowoczesnyprzedsiebiorca.pl\/#website"},"datePublished":"2022-07-28T06:59:52+00:00","dateModified":"2024-10-22T15:13:56+00:00","breadcrumb":{"@id":"https:\/\/nowoczesnyprzedsiebiorca.pl\/?page_id=789#breadcrumb"},"inLanguage":"pl-PL","potentialAction":[{"@type":"ReadAction","target":["https:\/\/nowoczesnyprzedsiebiorca.pl\/?page_id=789"]}]},{"@type":"BreadcrumbList","@id":"https:\/\/nowoczesnyprzedsiebiorca.pl\/?page_id=789#breadcrumb","itemListElement":[{"@type":"ListItem","position":1,"name":"Home","item":"https:\/\/nowoczesnyprzedsiebiorca.pl\/"},{"@type":"ListItem","position":2,"name":"Statut fundacji"}]},{"@type":"WebSite","@id":"https:\/\/nowoczesnyprzedsiebiorca.pl\/#website","url":"https:\/\/nowoczesnyprzedsiebiorca.pl\/","name":"Nowoczesny Przedsi\u0119biorca","description":"","potentialAction":[{"@type":"SearchAction","target":{"@type":"EntryPoint","urlTemplate":"https:\/\/nowoczesnyprzedsiebiorca.pl\/?s={search_term_string}"},"query-input":"required name=search_term_string"}],"inLanguage":"pl-PL"}]}},"_links":{"self":[{"href":"https:\/\/nowoczesnyprzedsiebiorca.pl\/index.php?rest_route=\/wp\/v2\/pages\/789","targetHints":{"allow":["GET"]}}],"collection":[{"href":"https:\/\/nowoczesnyprzedsiebiorca.pl\/index.php?rest_route=\/wp\/v2\/pages"}],"about":[{"href":"https:\/\/nowoczesnyprzedsiebiorca.pl\/index.php?rest_route=\/wp\/v2\/types\/page"}],"author":[{"embeddable":true,"href":"https:\/\/nowoczesnyprzedsiebiorca.pl\/index.php?rest_route=\/wp\/v2\/users\/1"}],"replies":[{"embeddable":true,"href":"https:\/\/nowoczesnyprzedsiebiorca.pl\/index.php?rest_route=%2Fwp%2Fv2%2Fcomments&post=789"}],"version-history":[{"count":14,"href":"https:\/\/nowoczesnyprzedsiebiorca.pl\/index.php?rest_route=\/wp\/v2\/pages\/789\/revisions"}],"predecessor-version":[{"id":1577,"href":"https:\/\/nowoczesnyprzedsiebiorca.pl\/index.php?rest_route=\/wp\/v2\/pages\/789\/revisions\/1577"}],"wp:attachment":[{"href":"https:\/\/nowoczesnyprzedsiebiorca.pl\/index.php?rest_route=%2Fwp%2Fv2%2Fmedia&parent=789"}],"curies":[{"name":"wp","href":"https:\/\/api.w.org\/{rel}","templated":true}]}}